the greatest common divisor of u and a.
31
Let i = -2202 + 3570. What is the greatest common divisor of i and 144?
72
Suppose o - 2*x = 809, 0 = 88*o - 83*o - 5*x - 4030. Suppose 2*y + k = -0 + 25, -y = 5*k - 26. Calculate the greatest common divisor of y and o.
11
Let i(n) = -2*n**2 - 21*n + 33. Let p be i(-13). Let k = 238 - p. Calculate the greatest common factor of k and 81.
27
Let x(v) = v**3 - v**2 + v + 1. Let u be x(0). Let q be (0 - u)/((3/1)/(-273)). What is the highest common factor of q and 13?
13
Let j(x) = 3*x**2 + 4*x + 5. Let k be j(7). Let c = k + -175. What is the greatest common divisor of c and 65?
5
Let v be (9/2)/(738/3444). Calculate the highest common divisor of v and 14.
7
Let c = 42 + -128. Let w be 10/(-35) + c/(-7). Let y(l) = -l**2 + 21*l. Let j be y(9). Calculate the greatest common factor of w and j.
12
Let u = -13 - -13. Suppose 12 = 4*w - u*w. Suppose w*m = 11*m - 1176. Calculate the highest common divisor of m and 21.
21
Let d(n) = 20*n**2 + 6*n + 75. Let u(g) = 11*g**2 + 3*g + 38. Let r(z) = 6*d(z) - 11*u(z). Let j be r(6). Calculate the greatest common factor of j and 70.
14
Suppose 2*r + 4*i + 244 - 672 = 0, 0 = -r + i + 205. Let c(g) = 199 + 9*g - g - g**2 - r. Let p be c(6). What is the greatest common divisor of p and 5?
1
Suppose 8 = 4*x + 4, -6*i + 4405 = -5*x. Calculate the greatest common factor of i and 63.
21
Let p = 307 - -84. What is the greatest common factor of p and 17?
17
Let d = 141 + -147. Let q(p) = 11*p + 85. Let f be q(d). What is the highest common factor of f and 152?
19
Let p(b) = -b**2 + 29*b + 681. Let x be p(44). Calculate the highest common factor of 1939 and x.
7
Suppose -112*b - 9*b = -b - 144000. Calculate the highest common divisor of b and 1000.
200
Let r(o) = -2*o - 4*o + 4*o + 3*o**2 - o. Let i be r(4). Suppose -4*a = 8 + 16, 3*q - a = 78. Calculate the highest common divisor of i and q.
12
Let t be -10 + 9 - 19*-1. Suppose t*b + 51 = 21*b. Calculate the greatest common factor of b and 510.
17
Let s(k) be the first derivative of -39*k**2/2 - 5*k + 15. Let v be s(-4). Let i = v - 83. What is the highest common divisor of i and 34?
34
Suppose -4*x + 120 = -2*q, -4*x - 13*q + 10*q = -120. Suppose 25*u - x*u - 2*l + 581 = 0, 127 = u + 4*l. Calculate the greatest common divisor of 46 and u.
23
Let a be 15/(-9)*(-792)/40. Let w = 54 - 51. What is the greatest common divisor of w and a?
3
Let w be (-13987)/(-2) - (-336)/(-96). What is the highest common divisor of w and 30?
30
Let v be ((-7)/(-28)*-4)/((-36)/30 + 1). What is the highest common divisor of v and 1985?
5
Suppose 4*i - s = 172, 0 = 2*i - s - 101 + 13. Suppose -y = -4, 0 = -29*o + 28*o + 5*y + 85. Calculate the highest common divisor of i and o.
21
Let n = 69 - -15. Let t = n - 72. Let o = 93 - 33. What is the greatest common factor of o and t?
12
Let d = -115 - -128. Suppose -d*c - 122 = -1162. Let y be (-2)/(-3)*(0 + 48). What is the greatest common factor of c and y?
16
Let y(a) = 133*a + 7295. Let n be y(-34). Calculate the greatest common divisor of n and 235.
47
Let i be (-17)/((-51)/(-90)) - 4/(-2). Let j be -1*i/2*-1. Let b be (j/(-4))/((-3)/(-6)). What is the highest common factor of 14 and b?
7
Let d be (-919999)/(-615) + (-9)/(-135). Calculate the greatest common factor of d and 272.
136
Let a = 507 - 500. Let u = 15 - a. Calculate the highest common divisor of 44 and u.
4
Let w be 0 + -1 + 6 + 1. Let i = -217 + 271. Suppose 0 = -c - 8*c + i. Calculate the greatest common divisor of c and w.
6
Suppose -3*f + 0*f + 3*t + 9 = 0, 0 = -f - 3*t + 11. Let b be (-6 + 7)/(1/(0 + 109)). Suppose -f*z + 379 = b. What is the highest common divisor of z and 216?
54
Suppose 38*n - 39*n - 850 = -6372. What is the highest common divisor of n and 88?
22
Let r(x) = -16*x - 214. Suppose -7*j - 96 - 65 = 0. Let t be r(j). Calculate the greatest common divisor of 44 and t.
22
Let k = -143 + 147. Suppose -6*l + 4*l - 51 = -j, -k*l = -4*j + 184. What is the highest common divisor of j and 164?
41
Let r be (17/2 - 1)*(-4 + 6). Let f be 1*188/10 - 12/r. Let m(g) = 127*g - 1. Let i be m(1). Calculate the greatest common factor of f and i.
18
Let h = 43 + -40. Suppose 2*d + 0*i - 14 = -4*i, h*d - 5*i + 1 = 0. Suppose d*p - 2772 = -4*p. What is the highest common factor of 36 and p?
36
Let t(s) = s**3 + 11*s**2 - 8*s + 32. Let y be t(-11). Let o = y - 93. Suppose -4*b + 290 = -3*n - 577, 2 = -2*n. What is the greatest common factor of o and b?
27
Let k be 8/(-7)*(-2457)/468. Calculate the highest common divisor of k and 2202.
6
Let b(o) = o**2 + 9*o + 17. Let j be b(0). Calculate the greatest common divisor of j and 2159.
17
Let v(b) = 418*b + 6300. Let k be v(12). Calculate the greatest common factor of 552 and k.
276
Let l be 1202/9 + 40/90. Suppose -140 = -5*y + 5*i, 5*y - 4*i - l = -2*i. Calculate the highest common divisor of y and 182.
26
Suppose -4464 = 43*t - 49*t. Calculate the highest common factor of t and 434.
62
Suppose 59 = -113*c + 114*c - 81. What is the highest common divisor of c and 2212?
28
Suppose 244 = 4*h + 52. Let z be (1/5 - (-285)/75) + 0. Suppose z*k = h + 44. Calculate the greatest common divisor of 46 and k.
23
Suppose 71*j + 24*j = 4942 + 7313. What is the highest common divisor of j and 33927?
129
Let z(k) = 21*k**2 + k - 1. Let g be z(-2). Let m(b) = -107*b + 767. Let q be m(7). What is the greatest common factor of g and q?
9
Let k(l) = -l**3 + 11*l**2 + l - 25. Let s be k(8). Suppose 11*u + 164 = s. What is the greatest common divisor of u and 9?
1
Let t(h) = -1380*h**3 - h**2 - 827*h - 826. Let r be t(-1). Calculate the greatest common divisor of 276 and r.
276
Let y = 166 + -145. Suppose i - 71 = 3*f, 5*f + y = 4*f + i. Let b be -3 - (-5)/(f/(-80)). What is the highest common divisor of 247 and b?
13
Suppose 211*n - 128*n - 1108 = -194*n. Let r(v) = -v**2 + 7*v + 2. Let b be r(6). What is the highest common divisor of n and b?
4
Let z(l) = 11*l**2 - 6*l + 21. Let h(k) = -6*k**2 + 3*k - 11. Let s(j) = 10*h(j) + 6*z(j). Let p be s(4). Calculate the greatest common factor of p and 16.
8
Let y be (-4)/(-5 + 6)*10/(-8). Suppose 4*x - 3*x = y*z - 63, -55 = x - z. Let v = 101 - x. Calculate the highest common divisor of v and 28.
14
Let v(y) = 3*y - 12. Let p be v(8). Let u = 17836 - 17818. Calculate the highest common factor of u and p.
6
Suppose -167*y - 62*y = -2649988. What is the highest common factor of 44 and y?
44
Suppose -1530 = -7*f + 1438. Suppose -1584 = -10*l - f. What is the highest common divisor of 12 and l?
4
Let p(g) = g**2 + g - 6*g**3 - 1 + 47*g**3 - 28*g**3 - 2*g. Let u be p(1). Calculate the greatest common factor of 1164 and u.
12
Let k(y) be the first derivative of y**3/3 - 13*y**2/2 - 32*y + 49. Let o be k(19). Calculate the highest common factor of 2 and o.
2
Let w = 0 - -26. Suppose w = -5*d + 21. Let m be (d/(-2))/(5/70). Calculate the greatest common factor of 49 and m.
7
Suppose -26*h + 44030 - 4926 = 0. Calculate the highest common factor of h and 282.
94
Let c = -399 + 402. Let u be (-846)/188*(-10)/c. Let d(r) = 18*r - 3. Let m be d(6). What is the greatest common factor of u and m?
15
Let h(j) = -j**3 - 17*j**2 - 13*j - 145. Let s be h(-17). What is the highest common divisor of s and 209?
19
Let n(q) = 163*q**2 - 48*q - 513. Let x be n(-11). What is the greatest common factor of x and 556?
278
Let g = 26667 - 23339. Calculate the highest common divisor of g and 52.
52
Let t be 379/(-8) - 45/(-120). Let z = t - -41. Let w be (z/10)/((-8)/120) + -3. Calculate the greatest common factor of w and 48.
6
Suppose -10 = 4*y + 10, -5*y = -2*j + 1. Let a(u) = 3*u + 7. Let v be a(j). Let o = v - -49. What is the greatest common divisor of o and 100?
20
Suppose -4*t = -4*n + 6*n - 3306, -4*n = 3*t - 6607. What is the greatest common factor of 455 and n?
13
Let b = -29 - -21. Let d be ((-348)/b)/(1/6). Let t(f) = 4*f**2 - 74*f - 9. Let l be t(19). Calculate the highest common divisor of d and l.
29
Suppose 3*b = -5*w + 216, 0 = -2*b + 2*w + 36 + 140. Calculate the highest common divisor of b and 31078.
82
Let k(v) = v**3 - 15*v**2 - 29*v - 37. Suppose -h = -18*h + 289. Let l be k(h). What is the greatest common divisor of l and 3?
3
Let s be (-10 + 0)*(-3)/6*-3. Let y be 62/15*1 -